10, what is 58 - 7?
51
In base 7, what is -354 - 3?
-360
In base 16, what is -206 - -12?
-1f4
In base 14, what is 24 + -d?
15
In base 8, what is -5 + 6?
1
In base 11, what is 1005 - -19?
1023
In base 2, what is 11101 - 10111?
110
In base 4, what is -2033 - 3003?
-11102
In base 12, what is -62 - 64?
-106
In base 2, what is 110001 - 1000?
101001
In base 12, what is -329 - 5?
-332
In base 8, what is 24 + 15?
41
In base 16, what is -a60 - 3?
-a63
In base 6, what is -1310 + -2?
-1312
In base 9, what is -23 + 1?
-22
In base 12, what is -1 - 501?
-502
In base 15, what is -9 + -1a5?
-1ae
In base 13, what is -19 - 5?
-21
In base 11, what is 3 + -404?
-401
In base 5, what is 112 - 41?
21
In base 11, what is 18 + -9?
a
In base 11, what is 5 + 21?
26
In base 12, what is 22b + 1?
230
In base 2, what is -101 + -111011?
-1000000
In base 9, what is 282 - 7?
274
In base 2, what is -110 + -1000110?
-1001100
In base 8, what is -2 - -136?
134
In base 5, what is -4 + 34143?
34134
In base 6, what is -4 + -112?
-120
In base 10, what is 380 - -3?
383
In base 10, what is 7400 - 0?
7400
In base 12, what is 947 - -9?
954
In base 11, what is 230 + 5?
235
In base 2, what is 1010011111 - -11?
1010100010
In base 2, what is 1110000010 - -100?
1110000110
In base 15, what is -49 + 55?
b
In base 6, what is -255 - -10?
-245
In base 13, what is -1220 + 1?
-121c
In base 16, what is -15 + -434?
-449
In base 15, what is -5 + -15d?
-163
In base 4, what is 1 + 20?
21
In base 14, what is 2c - 11?
1b
In base 8, what is -23 + 16?
-5
In base 4, what is -10 + 31100?
31030
In base 3, what is -22 + -2010012?
-2010111
In base 12, what is 140 - 9?
133
In base 9, what is -24 - 12?
-36
In base 9, what is 43 - -4?
47
In base 9, what is 221 + 82?
313
In base 11, what is -59 - -5?
-54
In base 5, what is -130 - 13?
-143
In base 14, what is 93d - -4?
943
In base 11, what is 679 + 5?
683
In base 9, what is 285 - 3?
282
In base 5, what is 4042 - 2?
4040
In base 16, what is 8b3 - 0?
8b3
In base 9, what is 8 - -46?
55
In base 6, what is -11 - 1015?
-1030
In base 5, what is 1 + 3?
4
In base 2, what is -110111 - -11?
-110100
In base 8, what is 6 + 23?
31
In base 10, what is -6 - 182?
-188
In base 16, what is -277 - -2b?
-24c
In base 6, what is 110 - -5?
115
In base 9, what is -2 + 6?
4
In base 12, what is -6 - 44?
-4a
In base 10, what is 3170 + -4?
3166
In base 15, what is -3 + -24?
-27
In base 15, what is 35 - -4d?
83
In base 3, what is 212 - -1012?
2001
In base 11, what is -112 + -2?
-114
In base 9, what is -43 + -160?
-213
In base 16, what is -2c + 3?
-29
In base 6, what is 1 - 25?
-24
In base 13, what is -17 + 172?
158
In base 15, what is -1ee - 0?
-1ee
In base 10, what is 741 + -2?
739
In base 14, what is -5 - -1d03?
1cdc
In base 9, what is 0 + -27?
-27
In base 3, what is -1121 + 1210?
12
In base 13, what is -22b7 + -3?
-22ba
In base 9, what is 154 + -5?
148
In base 6, what is -50221 - -2?
-50215
In base 10, what is 402 + -5?
397
In base 10, what is -175 + -2?
-177
In base 12, what is -2708 + -1?
-2709
In base 15, what is -18 + -13?
-2b
In base 12, what is -8679 + 2?
-8677
In base 10, what is -9 - 479?
-488
In base 11, what is -11 + -495?
-4a6
In base 12, what is -47 - 5?
-50
In base 3, what is 200 + -20202?
-20002
In base 3, what is 11122212 + 10?
11122222
In base 8, what is -155 + 2?
-153
In base 7, what is 141 + -161?
-20
In base 3, what is 12220002 + -12?
12212220
In base 2, what is -110001011 + 10?
-110001001
In base 7, what is 13 - 23?
-10
In base 10, what is 115 - -5?
120
In base 7, what is 11 - -3333?
3344
In base 14, what is -692 - -6?
-68a
In base 11, what is -3 + 90?
88
In base 7, what is 23 + -1431?
-1405
In base 8, what is 112 - -6?
120
In base 9, what is -452 - 1?
-453
In base 7, what is -5 - -125?
120
In base 14, what is d4 + 5?
d9
In base 8, what is 154 - -24?
200
In base 8, what is -6 + 21?
13
In base 13, what is -154 - -2?
-152
In base 5, what is 1130011 + -2?
1130004
In base 14, what is -77 - b?
-84
In base 13, what is 508 - 0?
508
In base 13, what is -10 - 24?
-34
In base 4, what is -1 + 222010?
222003
In base 5, what is 123 - 13?
110
In base 12, what is -32 - b?
-41
In base 13, what is -c4a2 - -1?
-c4a1
In base 13, what is -155 + -1c?
-174
In base 14, what is 15b + -2?
159
In base 9, what is 63 - -17?
81
In base 15, what is 5 - 36?
-31
In base 12, what is 40 - 13?
29
In base 4, what is -100 - -20?
-20
In base 4, what is -10 - -1300?
1230
In base 7, what is -324 - -3?
-321
In base 10, what is 6 + 5?
11
In base 4, what is 1030102 + 11?
1030113
In base 6, what is -11 + -1?
-12
In base 15, what is -19b + -1?
-19c
In base 3, what is -102121 - 20?
-102211
In base 13, what is 13 + -76?
-63
In base 6, what is -4 + -10?
-14
In base 11, what is 76 + 1?
77
In base 5, what is -2 - -201?
144
In base 7, what is -10 + 43?
33
In base 16, what is -1e + -18?
-36
In base 10, what is 111 + 3?
114
In base 12, what is 4 + 56?
5a
In base 14, what is 9 - 3a?
-31
In base 14, what is 1 + 45?
46
In base 5, what is -4 - -344?
340
In base 2, what is -10100100 + -11?
-10100111
In base 2, what is -101 - 1111110000?
-1111110101
In base 16, what is 8 + -4?
4
In base 11, what is -846 + 4?
-842
In base 14, what is 27 + -5?
22
In base 7, what is -355 + -15?
-403
In base 3, what is 10 + -201110?
-201100
In base 10, what is 0 - 1027?
-1027
In base 4, what is 1 + 1103?
1110
In base 13, what is -3 + 70?
6a
In base 10, what is -107 + 4?
-103
In base 7, what is 1 + 125?
126
In base 10, what is 117 + -180?
-63
In base 10, what is -137 - 140?
-277
In base 13, what is 22 - -75?
97
In base 6, what is 1 + -21?
-20
In base 15, what is 0 + 2eb?
2eb
In base 5, what is -4 - 24104?
-24113
In base 13, what is -335 - -9?
-329
In base 5, what is -101402 + 12?
-101340
In base 6, what is -235 - 1?
-240
In base 9, what is 55 - -26?
82
In base 12, what is 83 + 3?
86
In base 12, what is -1029 - 1?
-102a
In base 10, what is -2 + 6512?
6510
In base 12, what is -1 - 2b?
-30
In base 9, what is -317 - 2?
-320
In base 15, what is 3 + ce?
d2
In base 12, what is -21 + -452?
-473
In base 2, what is 1001 + 101111?
111000
In base 14, what is -1 - -35?
34
In base 3, what is 12 - -1000?
1012
In base 4, what is 111 - -11030?
11201
In base 11, what is -108 + 0?
-108
In base 16, what is 4 + a9?
ad
In base 2, what is -100 - 11011?
-11111
In base 13, what is 1b6 + 25?
20b
In base 16, what is -3 - 2fd?
-300
In base 3, what is -12020 - 101?
-12121
In base 2, what is -100 - -111100?
111000
In base 4, what is 21 + 21?
102
In base 16, what is -7 + 2b?
24
In base 13, what is 479 + 2?
47b
In base 14, what is -1 + -928?
-929
In base 10, what is 5 - 76?
-71
In base 15, what is 9 + -28?
-1e
In base 10, what is -5473 + -1?
-5474
In base 3, what is -202 - -112?
-20
In base 12, what is -771 - -3?
-76a
In base 6, what is 1450 + -4?
1442
In base 5, what is 40 + -10124?
-10034
In base 16, what is -23e + -4?
-242
In base 16, what is -6 + -6ab?
-6b1
In base 6, what is 20 - 30?
-10
In base 3, what is -21 + 110020?
102222
In base 11, what is 111 - 0?
111
In base 13, what is -34 + -2a2?
-306
In base 4, what is -120221 + 0?
-120221
In base 14, what is -10 - 140?
-150
In base 9, what is 8 - 105?
-86
In base 9, what is -713 - 5?
-718
In base 12, what is 7 + 3?
a
In base 7, what is 23255 - -3?
23261
In base 6, what is 135051 + 5?
135100
In base 4, what is 11112 + -123?
10323
In base 14, what is 9d + -6?
97
In base 3, what is 21 - 20?
1
In base 6, what is -531 + 2?
-525
In base 13, what is -342 + 0?
-342
In base 13, what is -18 + -22?
-3a
In base 7, what is 135 + -526?
-361
In base 13, what is 268 + 5?
270
In base 10, what is -702 + 4?
-698
In base 13, what is 5ac - 2?
5aa
In base 12, what is -54 - 8?
-60
In base 5, what is -3 - 42242?
-42300
In base 10, what is -153 + -85?
-238
In base 2, what is 100010 - 11000110?
-10100100
In base 4, what is -1 - 2213?
-2220
In base 12, what is 49b + 2?
4a1
In base 9, what is 166 + 16?
183
In base 4, what is -2 - -220112?
220110
In base 15, what is 52 + 4?
56
In base 12, what is 78 + 31?
a9
In base 3, what is -11 + -201112?
-201200
In base 13, what is 9a - 11?
89
In base 7, what is 6 + -1036?
-1030
In base 4, what is 1 - -1003?
1010
In base 7, what is -5 - -3423?
3415
In base 15, what is -4 - -1?
-3
In base 11, what is 432a + -4?
4326
In bas